) + 1. Calculate the remainder when (2 - -1) + (h - 2) is divided by 1.
0
Suppose b = -4*b + 35. Suppose -4*w - 34 = -46. What is the remainder when b is divided by w?
1
What is the remainder when 37 is divided by ((-15)/(-12))/((-9)/(-36))?
2
Let v(u) = u**3 + 3*u**2 - u + 3. Let x be v(-3). Suppose -7*a = -8*a + x. What is the remainder when a is divided by 3?
0
Let j be 6/8 - (-15)/12. Suppose -d + j = -4. What is the remainder when 17 is divided by d?
5
Let z be (10/6)/(4/12). Suppose 4 + 6 = 3*q + w, z*w - 2 = -3*q. What is the remainder when q is divided by 3?
1
Suppose 4 = 2*i - 6. Suppose 5*c + 139 = 2*m - 810, -2*c - m - 376 = 0. Calculate the remainder when c/(-15) + (-4)/(-10) is divided by i.
3
Suppose u = -5*f - 27 + 165, 3*u = -2*f + 414. Calculate the remainder when u is divided by 28.
26
Let k(o) = o + 2. Calculate the remainder when k(5) is divided by 5.
2
Let j(x) = -2 + 4*x**3 + 5 + 2*x + 3*x - 4*x**2 - 5*x**3. What is the remainder when 3 is divided by j(-5)?
0
Let f = 48 + -23. What is the remainder when f is divided by 7?
4
Suppose -3*g - 2*s + 62 = -s, 0 = 4*g - 3*s - 74. What is the remainder when 56 is divided by g?
16
Let n = 32 - 22. Suppose -3*b + 102 = -0*b. Suppose -2*h + 2 = -b. What is the remainder when h is divided by n?
8
What is the remainder when 21 is divided by (-86)/(-14) + (-4 - (-216)/56)?
3
Suppose -22*m + 284 = -18*m. What is the remainder when m is divided by 15?
11
Suppose 0 = -2*g - d + 72, -d = g - 0*g - 36. What is the remainder when g is divided by 11?
3
Let a(k) = -k**3 + 2*k + 3. What is the remainder when 124/10 - (-22)/(-55) is divided by a(-2)?
5
Let v(r) = 11*r**3 - r + 1. Suppose -1 = 2*c - 3. What is the remainder when v(c) is divided by 6?
5
Suppose -5*i + 4*i + 3 = 0. Suppose -18 = -3*g - 4*y, 0 = 4*g - 3*y - i + 4. What is the remainder when 5 is divided by g?
1
Let c(v) = -9*v - 12. What is the remainder when c(-10) is divided by 27?
24
Let r(o) = -2*o - 17. What is the remainder when r(-15) is divided by 4?
1
Let q be (-4)/6 + (-4)/(-6). Suppose -3*p = 15, q = 5*m - 0*m - 2*p - 110. What is the remainder when (2/(-5))/((-1)/95) is divided by m?
18
What is the remainder when (-15)/(-2) + 1/(-2) is divided by (2 + 1 + -1)*(-1 + 2)?
1
What is the remainder when (3*(-148)/6)/((-2)/2) is divided by 13?
9
Calculate the remainder when 16 is divided by (-2)/((-8)/(-2)) + (-63)/(-6).
6
Let w(o) = 4*o - 50. What is the remainder when 37 is divided by w(16)?
9
Let n(z) = -5*z**2 + 2*z + 2. Let h be n(-2). Let v = h - -40. Calculate the remainder when v is divided by 7.
4
Suppose 121 = 3*i - 2*m, -3*i + 3*m + 72 = -51. Suppose -2*r - 76 = -5*l, -6*l + 3*l - 2*r = -36. What is the remainder when i is divided by l?
11
Suppose 4*t - 3*t - 14 = 0. Calculate the remainder when 40 is divided by t.
12
Let w be -1 - (-2 + -6)/2. Let n be (w/(-2))/((-3)/(-4)). Let d = 25 - n. Calculate the remainder when d is divided by 14.
13
Let k(z) = z + 2*z - 4*z + 4 + 11. What is the remainder when 20 is divided by k(8)?
6
Let h(w) = w**2 + 2*w + 6. Let u be (-26)/6 + (-3)/(-9). Calculate the remainder when h(u) is divided by 8.
6
Let y be -1*1/(-2)*0. Let c(z) = z. What is the remainder when (-20)/(-5)*(y + 1) is divided by c(2)?
0
Let n = 250 + -182. What is the remainder when n is divided by 15?
8
Suppose 17 - 3 = 3*n + z, 5*n - 30 = -5*z. Suppose -10 = -n*d + 14. Suppose 3*g + 0*g - 33 = 0. What is the remainder when g is divided by d?
5
Suppose s = 5*a + 4, -2*a - 3 = -4*s + 13. Let x be (-4)/(-6) - 44/(-6). Let q(t) = -t**3 + 9*t**2 - 6*t - 9. What is the remainder when q(x) is divided by s?
3
Suppose f = 8 + 20. Suppose 0 = m - 5*m + f. Let o(p) = 5*p**2 - 2*p + 1. Calculate the remainder when m is divided by o(1).
3
Let v = -23 + 10. Let m = -22 - v. Let d = 0 - m. What is the remainder when 17 is divided by d?
8
Let i = -22 - -44. What is the remainder when i is divided by 6?
4
Let i(p) = p**3 - p. Let x be i(0). Suppose x = 4*k + 3*s + 11, k + 22 = -4*s + 3. Let f(w) = 12*w**2 + w. Calculate the remainder when 24 is divided by f(k).
11
Suppose -2*k + 26 = -2*m, -20 = -4*k + 3*m + 28. Calculate the remainder when 44 is divided by k.
8
Let k be (-12)/(-9) - 2/(-3). Suppose 0 = -0*m + k*m - 32. Let j = 44 - 35. Calculate the remainder when m is divided by j.
7
Suppose 3*p - 5*p + 14 = 0. Let u = 72 + -47. Let s = u + -14. What is the remainder when s is divided by p?
4
Let p(k) = k**2 - 8*k + 24. Calculate the remainder when 60 is divided by p(7).
9
Suppose 2*y = 4*y - 18. Let z(l) = -l**3 - 20*l**2 + 22*l + 47. What is the remainder when z(-21) is divided by y?
8
Suppose 0 = 5*y + 1 - 56. Let j = -694 - -714. What is the remainder when j is divided by y?
9
Suppose -m = -3*z + 3*m + 22, 2*z - 20 = 4*m. Calculate the remainder when 49 is divided by -3 - (-1)/(z/32).
10
Suppose 4 = -2*o + 2, -3*m + 2*o = -32. What is the remainder when 26 is divided by m?
6
Let m = 3 + 0. Suppose m*x + 9 = 0, x = 2*r - 3*x - 36. Calculate the remainder when 23 is divided by r.
11
Let f be 56/12 + (-4)/6. Calculate the remainder when (41/(-2))/(f/(-8)) is divided by 14.
13
Let h = 19 + 28. Calculate the remainder when h is divided by 13.
8
Suppose -9 = 5*g - 44. What is the remainder when 30 is divided by g?
2
Let j(m) = 5*m - 6. What is the remainder when 4*(-4)/8*243/(-18) is divided by j(4)?
13
Suppose h = -4*t + 2*t - 20, -4*h + 2*t = 40. Let p = h + 27. What is the remainder when 56 is divided by p?
11
Suppose i - 2*i + 35 = 0. Suppose -u + 2*u - 2 = 0. Suppose -18 + 8 = u*s, -3*z + 16 = 4*s. Calculate the remainder when i is divided by z.
11
Let d(c) = c**2 - 12*c + 3. What is the remainder when 44 is divided by d(13)?
12
Let s = -4 - -57. What is the remainder when s is divided by 15?
8
Let c(t) = 2*t + 14. Let v = 12 - 7. Calculate the remainder when c(4) is divided by v.
2
Calculate the remainder when 11 is divided by ((-6)/(-10))/1*10.
5
Let d be 2 + -4 + -1 + -1. Let j(m) = -2*m + 5. Suppose -4*n - h - 27 = -5*n, -2*n = 2*h - 46. Calculate the remainder when n is divided by j(d).
12
Suppose o = -3*g + 164 + 165, -g = 3*o - 123. What is the remainder when g is divided by 11?
9
Suppose 0*q = 3*q. Suppose -4*n + x + q*x = -15, 0 = 2*x + 6. Suppose n*m - 108 = -5*o, 5*o = -m + 40 - 14. What is the remainder when m is divided by 14?
13
Let h = 11 + -20. What is the remainder when 78 is divided by (h + 1)*15/(-6)?
18
Suppose 7*s = -30 + 135. What is the remainder when 57 is divided by s?
12
Let k = 106 - 75. What is the remainder when k is divided by 8?
7
Let d = 4 - -1. Suppose 5*c = -25, 10 + d = 2*g - 3*c. Suppose g = 4*a - r - r - 188, 2*a = -3*r + 86. Calculate the remainder when a is divided by 16.
14
Suppose k = 4*d - 0*d - 14, -4*d = -16. Let o be k/((-2 - 0) + 1). What is the remainder when 35 is divided by o/(-3) + (-34)/(-3)?
11
Let c(i) = -4*i**3 - 2*i**2 - 1. Let s(j) = j + 24. Let m(d) = 2*d + 24. Let k(h) = -2*m(h) + 3*s(h). What is the remainder when c(-2) is divided by k(11)?
10
Let l be (-3 - -2) + (2 - 1). Suppose l = 5*t - 6*t + 122. Let a = t - 87. What is the remainder when a is divided by 12?
11
Suppose -3*j + 3*w + 120 = 0, 5*j + 3*w = 286 - 46. Calculate the remainder when j is divided by 24.
21
Let w(u) = -u**2 + 6*u - 6. What is the remainder when -4*1*(-2)/4 is divided by w(4)?
0
Let x(c) = -9*c - 3. Calculate the remainder when 46 is divided by x(-3).
22
Let v be 484/6 - (-1)/3. Let p = v - 49. Calculate the remainder when p is divided by 11.
10
Let v = 0 + 11. Let z be (6 - 1) + -2*1. Suppose z*i - 99 = -i - 5*d, -d - 60 = -3*i. Calculate the remainder when i is divided by v.
10
Suppose -5*q - 2*h = -31, -2*q - h + 2*h + 7 = 0. What is the remainder when q is divided by 2?
1
Suppose -g + 21 = 5*o, 0 = -0*o + 4*o + g - 16. Calculate the remainder when 6 is divided by o.
1
What is the remainder when 89 is divided by (-9)/6*40/(-2)?
29
Suppose -125 = 5*l - 50. Let a = 21 + l. Let r = 18 + -8. Calculate the remainder when r is divided by a.
4
Let q(t) = -t**3 - 16*t**2 - 39*t + 7. Suppose 0 = g + g + 5*p - 15, -3*g = -5*p - 10. Calculate the remainder when q(-13) is divided by g.
2
Calculate the remainder when 31 is divided by (-33)/12 - -3 - 201/(-12).
14
Let b(x) = 2*x**2 + 3*x. Let w = -